{"id":290,"date":"2014-01-28T06:49:41","date_gmt":"2014-01-28T06:49:41","guid":{"rendered":"http:\/\/localhost\/increate\/?page_id=290"},"modified":"2025-03-13T21:12:41","modified_gmt":"2025-03-13T18:12:41","slug":"hizmetler","status":"publish","type":"page","link":"https:\/\/www.zincirkizagi.com.tr\/?page_id=290","title":{"rendered":"Hizmetler"},"content":{"rendered":"<section class=\"wpb-content-wrapper\"><p>[vc_row bg_pos=&#8221;left top&#8221; text_color=&#8221;dark&#8221; margin_bottom=&#8221;100&#8243;][vc_column][vc_column_text][\/vc_column_text]<div class=\"services  \"><div class=\"grid_3 \"><div class=\"s_icon\"><i class=\"icon_documents_alt\"><\/i><span class=\"fa fa-check\"><\/span><\/div><div class=\"s_info\"><h3>Kimyasal Dayan\u0131m<\/h3><p>Kimyasal Dire\u00e7 Bilgisi i\u00e7in l\u00fctfen <strong>info@technomarket.info.tr<\/strong> adresimize proses bilgisini g\u00f6nderin.<\/p><\/div><\/div><div class=\"grid_3 \"><div class=\"s_icon\"><i class=\"icon_box-checked\"><\/i><span class=\"fa fa-check\"><\/span><\/div><div class=\"s_info\"><h3>Temizlik<\/h3><p>Hijyenik \u00e7\u00f6z\u00fcmler i\u00e7in l\u00fctfen proses ve end\u00fcstri alan\u0131z\u0131 <strong>info@technomarket.info.tr<\/strong> adresimize g\u00f6nderin.<\/p><\/div><\/div><div class=\"grid_3 \"><div class=\"s_icon\"><i class=\"icon_easel\"><\/i><span class=\"fa fa-check\"><\/span><\/div><div class=\"s_info\"><h3>Y\u00f6netmelik<\/h3><p>FDA ve Europe Union Onay\u0131 vard\u0131r. Sertifikalar i\u00e7in l\u00fctfen <strong>info@technomarket.info.tr<\/strong> adresimize ba\u015fvurun.<\/p><\/div><\/div><div class=\"grid_3 \"><div class=\"s_icon\"><i class=\"icon_datareport\"><\/i><span class=\"fa fa-check\"><\/span><\/div><div class=\"s_info\"><h3>Se\u00e7me ve Hesaplama<\/h3><p>Technomarket bir \u00e7ok farkl\u0131 ihtiyaca g\u00f6re tekstil kuma\u015fl\u0131 veya plastik t\u00fcrevli konvey\u00f6r bantlar\u0131n\u0131 ve kau\u00e7uk bant se\u00e7mek i\u00e7in s\u00fcrekli destek veriyor.<br \/>\nL\u00fctfen sadece ihtiyac\u0131n\u0131z olan kriterleri <strong>info@technomarket.info.tr<\/strong> adresine g\u00f6nderin. M\u00fchendislik programlar\u0131nda yapaca\u011f\u0131m\u0131z t\u00fcm se\u00e7imler sizlere daha do\u011fru ve yeni hesaplama y\u00f6ntemleri ile destekleyecektir.<\/p><\/div><\/div><\/div>[\/vc_column][\/vc_row][vc_row bg_pos=&#8221;left top&#8221; text_color=&#8221;dark&#8221; margin_bottom=&#8221;100&#8243;][vc_column][vc_column_text][\/vc_column_text]<div class=\"services set_two \"><div class=\"grid_6 \"><div class=\"s_icon\"><i class=\"icon_balance\"><\/i><span class=\"fa fa-check\"><\/span><\/div><div class=\"s_info\"><h3>Se\u00e7me ve Hesaplama<\/h3><p>TechnoMarket bir \u00e7ok farkl\u0131 ihtiyaca g\u00f6re tekstil kuma\u015fl\u0131 veya plastik t\u00fcrevli konvey\u00f6r bantlar\u0131n\u0131 se\u00e7mek i\u00e7in s\u00fcrekli destek veriyor.<br \/>\nL\u00fctfen sadece ihtiyac\u0131n\u0131z olan kriterleri <strong>info@technomarket.info.tr<\/strong> adresine g\u00f6nderin. M\u00fchendislik programlar\u0131nda yapaca\u011f\u0131m\u0131z t\u00fcm se\u00e7imler sizlere daha do\u011fru ve yeni hesaplama y\u00f6ntemleri ile destekleyecektir.<\/p><\/div><\/div><div class=\"grid_6 \"><div class=\"s_icon\"><i class=\"social_googledrive\"><\/i><span class=\"fa fa-check\"><\/span><\/div><div class=\"s_info\"><h3>Bant Y\u00fczeyleri ve Tekstil Tabakalar\u0131<\/h3><p>Ta\u015f\u0131ma y\u00fczeyleri konvey\u00f6r pazar\u0131ndaki uygulamalar\u0131n taleplerini kar\u015f\u0131lamak i\u00e7in geni\u015f bir yelpazede farkl\u0131 yap\u0131lara sahiptir. \u00d6rne\u011fin sepet desen konvey\u00f6r band, d\u00fcz p\u00fcr\u00fczs\u00fcz y\u00fczey konvey\u00f6r band\u0131, parlat\u0131lm\u0131\u015f y\u00fczey konvey\u00f6r band\u0131, mat y\u00fczey ve parlak y\u00fczey konvey\u00f6r band\u0131, t\u0131rt\u0131rl\u0131-t\u0131rt\u0131kl\u0131 grip face y\u00fczey konvey\u00f6r bant\u0131, tutucu olmayan y\u00fczey konvey\u00f6r band\u0131, tutucu y\u00fczey konvey\u00f6r bantlar, orta tutucu y\u00fczey konvey\u00f6r bantlar, kaygan y\u00fczey konvey\u00f6rler, ekstra kaygan y\u00fczey konvey\u00f6r bantlar daha fazlas\u0131 i\u00e7in l\u00fctfen <strong>info@technomarket.info.tr<\/strong> adresimize ba\u015fvurun.<\/p><\/div><\/div><\/div>[\/vc_column][\/vc_row][vc_row bg_pos=&#8221;left top&#8221; text_color=&#8221;dark&#8221; bottom_padding=&#8221;100&#8243;][vc_column][vc_column_text][\/vc_column_text]<div class=\"services  \"><div class=\"grid_12 \"><div class=\"s_icon\"><i class=\"icon_gift\"><\/i><span class=\"fa fa-check\"><\/span><\/div><div class=\"s_info\"><h3>Malzemeler<\/h3><p>PP,POM,PVC,TPO,TPU,PE pvc konvey\u00f6r bant - kau\u00e7uk konvey\u00f6r bant - \u00e7elik telli zaman kay\u0131\u015f\u0131 ve daha fazlas\u0131 i\u00e7in l\u00fctfen <strong>info@technomarket.info.tr<\/strong> adresimize ba\u015fvurun.<\/p><\/div><\/div><\/div>[\/vc_column][\/vc_row]<\/p>\n<\/section>","protected":false},"excerpt":{"rendered":"Konvey\u00f6r bant,Poli\u00fcretan bant,di\u015fli kay\u0131\u015f zincir k\u0131zak","protected":false},"author":1,"featured_media":0,"parent":0,"menu_order":0,"comment_status":"open","ping_status":"open","template":"","meta":{"_joinchat":[],"footnotes":""},"class_list":["post-290","page","type-page","status-publish","hentry"],"aioseo_notices":[],"_links":{"self":[{"href":"https:\/\/www.zincirkizagi.com.tr\/index.php?rest_route=\/wp\/v2\/pages\/290","targetHints":{"allow":["GET"]}}],"collection":[{"href":"https:\/\/www.zincirkizagi.com.tr\/index.php?rest_route=\/wp\/v2\/pages"}],"about":[{"href":"https:\/\/www.zincirkizagi.com.tr\/index.php?rest_route=\/wp\/v2\/types\/page"}],"author":[{"embeddable":true,"href":"https:\/\/www.zincirkizagi.com.tr\/index.php?rest_route=\/wp\/v2\/users\/1"}],"replies":[{"embeddable":true,"href":"https:\/\/www.zincirkizagi.com.tr\/index.php?rest_route=%2Fwp%2Fv2%2Fcomments&post=290"}],"version-history":[{"count":23,"href":"https:\/\/www.zincirkizagi.com.tr\/index.php?rest_route=\/wp\/v2\/pages\/290\/revisions"}],"predecessor-version":[{"id":4302,"href":"https:\/\/www.zincirkizagi.com.tr\/index.php?rest_route=\/wp\/v2\/pages\/290\/revisions\/4302"}],"wp:attachment":[{"href":"https:\/\/www.zincirkizagi.com.tr\/index.php?rest_route=%2Fwp%2Fv2%2Fmedia&parent=290"}],"curies":[{"name":"wp","href":"https:\/\/api.w.org\/{rel}","templated":true}]}}